ctors of (o/8)/(3/6).
61
Suppose -57525 = -5*n + d, -14*n + 15*n - 11519 = 3*d. List the prime factors of n.
2, 719
Let v be -5*(360/25)/(-6). Let o(p) = -p**2 + 12*p - 4. Let x be o(v). List the prime factors of (x/(-10))/((-22)/(-110)).
2
Let o(p) = 6*p**2 - 1. Let c(s) be the first derivative of -s**3/3 + 2*s**2 + 7*s - 3. Let g be c(5). What are the prime factors of o(g)?
23
Let a(r) = -13 + 7 - 17*r + r**2 - 15 - 35. Let q(o) = -o + 5. Let b be q(16). List the prime factors of a(b).
2, 3, 7
Suppose 4*r - 143119 = -i, 2*r - 71584 = -10*i + 6*i. What are the prime factors of r?
2, 3, 67, 89
Suppose 81*y = 82*y - 11. Suppose -y*o - 2621 = -6988. List the prime factors of o.
397
Suppose 14*j - 20 = 4*j. Let l be (-2920)/(-12)*12/10. Suppose -2*r - j*r = -l. List the prime factors of r.
73
Suppose -76*v + 71*v + 130 = 0. Suppose -3465 = -v*o + 2749. What are the prime factors of o?
239
Suppose -28*p - 2*y - 377405 = -37*p, 83885 = 2*p + 3*y. List the prime factors of p.
5, 8387
Let n(q) = -q**3 + 53*q**2 - 94*q + 195. List the prime factors of n(40).
3, 5, 383
Let o(n) = 1308*n**2 + 169*n - 81. List the prime factors of o(6).
3, 16007
Let x(r) = r**3 - 5*r**2 + 9*r - 5. Suppose -12 + 30 = 6*n. Let b be x(n). List the prime factors of -606*(b + (-13)/3).
2, 101
Suppose 4*n = -2*d + 302692, -15*d = -11*d. List the prime factors of n.
13, 5821
Let h(t) = -t - 4. Let y(l) = -l - 4. Let m(f) = 3*h(f) - 4*y(f). Let r be m(-4). Suppose 2*a + 3*x = 88, -x = -2*a - r*x + 96. What are the prime factors of a?
47
Let n = 138 - 138. Suppose 0 = 4*m + 5*w - 273, n = 2*m - 3*m + 2*w + 52. What are the prime factors of m?
2, 31
Suppose 9*a - 4 = 8*a. Suppose -22 = -15*h + a*h. Suppose 265 = h*f - 189. What are the prime factors of f?
227
Let t = -22228 - -33028. List the prime factors of t.
2, 3, 5
Suppose 330 - 110 = 5*w. Suppose 0 = 2*n - 4*n + w. What are the prime factors of n?
2, 11
Let o(b) = b**3 + 7*b**2 - 8*b + 3. Let x be o(-8). Suppose -a + r + 8 = 0, -x*a - r = -6*r - 20. Suppose -a*v + 357 = -463. What are the prime factors of v?
2, 41
Let n = 9187 + -5706. What are the prime factors of n?
59
Suppose 4*j + 480 = 12*j. Suppose t + 28 - j = 0. Let u = 35 - t. List the prime factors of u.
3
Let l(u) = 162*u - 4. Let y be l(2). Let v = y - 86. What are the prime factors of v?
2, 3, 13
Let k = -129 - -26. What are the prime factors of -2 + 4 + k*3/(-1)?
311
Let c = -1509 + 2890. Let b = c - 385. List the prime factors of b.
2, 3, 83
Suppose 24*m - 9*m + 38*m = 663348. List the prime factors of m.
2, 3, 7, 149
Suppose d + 4 = -2*u + 6, 4*u = 3*d - 6. Suppose -4*m + d*y + 2*y = 168, -2*m = -5*y + 84. Let l = m + 71. What are the prime factors of l?
29
Let l be 2/10 + 85/(-425). Suppose 2*f - d - 390 = l, d - 3*d - 390 = -2*f. List the prime factors of f.
3, 5, 13
Let w = -505 - -506. List the prime factors of 5376/9 - w*(-1)/(-3).
3, 199
Let c(g) = 2*g**3 + 16*g**2 + 10*g - 26. Let k be c(-7). Suppose -h + 4*i + 53 = 0, 0 = -0*h + 4*h - k*i - 226. List the prime factors of h.
3, 19
Suppose 189*l = 163*l + 31122. What are the prime factors of l?
3, 7, 19
Let n = -319 + 513. Suppose n*i - 1692 = 188*i. List the prime factors of i.
2, 3, 47
Let f(w) = -w**3 + 23*w**2 + 27*w + 39. Let p be f(24). Let q = 469 - p. What are the prime factors of q?
2, 179
Suppose 0 = -56*g + 59*g - 45. Suppose -g*x = -23*x + 3888. What are the prime factors of x?
2, 3
Let g = -41 + 40. Let p be g*-1*(236 - -4). Suppose 0 = 6*q - q - 3*d - 298, 0 = 4*q - 2*d - p. What are the prime factors of q?
2, 31
Suppose 3*g - 4187 = 5*n, 0 = 3*g + 4*n - 1463 - 2769. Let z = -749 + g. List the prime factors of z.
5, 131
Let t(p) = 25 + 8*p + 9 - 130. What are the prime factors of t(14)?
2
Let z = -43022 + 77432. List the prime factors of z.
2, 3, 5, 31, 37
Let i(b) = -2*b**2 - 4*b + 6. Let t be i(-4). Let p(d) = 8*d + 20. Let c be p(t). List the prime factors of ((-40)/c)/((-2)/(-447)).
149
Suppose 73508 = 595*q - 578*q. List the prime factors of q.
2, 23, 47
Suppose 0 = -18*y + 23*y. Suppose -2*k - 2*k + t = -263, y = k - 2*t - 64. List the prime factors of k.
2, 3, 11
Let w = -66 + 105. Suppose 2*a + w = 45. Suppose a*h = -4*v + 215, -v + 211 = 3*h + v. What are the prime factors of h?
3, 23
Let b(z) = -4*z + 30. Let n be b(7). Suppose 2*y = 3*k + 714, 5*k + 1072 = n*y + 366. What are the prime factors of y?
3, 11
Suppose 2*v = -0*v + 320. Suppose -3*m - 145*g - 9 = -140*g, 3*m + 2*g = 0. Suppose -m*f + v - 4 = 0. What are the prime factors of f?
2, 3, 13
Suppose -z - 4*c - 14 = -0*c, -3*z = c - 2. Suppose z*o + 72 = 252. What are the prime factors of o?
2, 3, 5
Let x be (-15)/(6 - 5) + -5. What are the prime factors of (-7264)/(-20) + (-16)/x?
2, 7, 13
What are the prime factors of (-7595 - 1)/(-21*(-19)/(-532))?
2, 3, 211
Let t be ((-103930)/855)/((-2)/9). Let f = 139 + t. List the prime factors of f.
2, 7
Let u = -1 - 177. List the prime factors of -25 + 18 - (u - -2).
13
Let v(f) = -f**3 + 4*f**2 + 2*f - 32. Suppose 36 = -4*w - 2*w. What are the prime factors of v(w)?
2, 79
Suppose -6*h = -42839 - 41233. List the prime factors of h.
2, 31, 113
Suppose 363914 = 193*i - 226804 - 380072. List the prime factors of i.
2, 5, 503
Let w = 452 + -398. Let u = w + 324. What are the prime factors of u?
2, 3, 7
Let o(k) = 8 - 8 + k**3 - 22*k**2 - 17*k + 2. Suppose 2*h = -0*h + 46. What are the prime factors of o(h)?
2, 5, 7
Let y = 3 - 3. Suppose -v + 0 + 4 = y. Suppose -4*p + 5*i + 322 + 193 = 0, 0 = v*p + 2*i - 550. What are the prime factors of p?
3, 5
Suppose n + 257 + 173 = h, 2*n + 10 = 0. Let j = h + 38. What are the prime factors of j?
463
Suppose 2 = -y - 3*i + 4, 4*y - 4*i = 56. Suppose -y*u + 9*u = -556. What are the prime factors of u?
2, 139
Suppose 100 = -20*s + 25*s. What are the prime factors of 18300/26 - s/(-130)?
2, 11
Suppose -2*d = -s, 22 + 6 = s + 5*d. Let b(k) be the first derivative of 4*k**2 - 14*k - 14. List the prime factors of b(s).
2, 5
Let h(v) = 109*v + 1528. Let z be h(-14). Let q be (-1)/(((-2)/103)/2). Suppose -z*u = -c - 245, -3*c + q = u - 23. What are the prime factors of u?
3, 41
Let w(l) = -7*l**2 + 2*l**3 - l - l + 6*l**2 + 6*l. What are the prime factors of w(4)?
2
Suppose -2*y + 2 = -n, -5*n + 35 = 2*y + 3*y. Suppose -6*c + 21 = -y*c. Suppose -3*v - 272 = -c*v. List the prime factors of v.
2, 17
Let n be ((-72)/48)/((1/2)/(-1)). Let k(t) = -t**3 - t + 2. Let i be k(1). Suppose -x = -i*x + 5*a - 173, 0 = -n*a + 12. List the prime factors of x.
3, 17
Let q = -20 - -24. Suppose -t + 6 = -q*t. What are the prime factors of -1*t/4 + (-767)/(-26)?
2, 3, 5
Let z(t) = 4*t**3 + 4*t**2 + t - 3. Let c(j) = 5*j - 13. Let l be c(3). What are the prime factors of z(l)?
47
Let y = 100959 - 57495. List the prime factors of y.
2, 3, 1811
Let g(b) = 16*b**2 - 8*b + 1 + 1 + 1 + 83*b. What are the prime factors of g(-8)?
7, 61
List the prime factors of ((-6)/(-18) - 19930/12)*408/(-36).
3, 17, 41
Suppose l - 3*k + 6 = -16, -5*l + 3*k - 86 = 0. Let s be ((-5)/(-2))/((-4)/(-184)). Let x = s + l. List the prime factors of x.
3, 11
Let w be 50/20*84/15. Let l = 70 + w. What are the prime factors of l?
2, 3, 7
Suppose -16*b + 14*b = 334. Let y = b + 38. List the prime factors of (-5 + 4)*(y + -2).
131
List the prime factors of (-82441)/(-4) - ((-1215)/(-108) + -11).
2, 3, 5, 229
Suppose -27 = -3*b + w, 0 = -4*b - 7*w + 3*w + 20. List the prime factors of b + 115 + (-4 - -3).
2, 61
Let q(l) = -51*l - 124. Let z be q(-3). Suppose -49*a = -z*a - 11660. List the prime factors of a.
11, 53
List the prime factors of (2/(-6))/((-173)/6085794).
2, 11, 13, 41
Suppose 85 = 7*w - 188. Suppose -43*l + 536 = -w*l. What are the prime factors of l?
2, 67
Let q = 56 - 53. Suppose -5*n + 3 = q. Suppose n = -2*s + i + 59, 2*s = -0*s - 2*i + 50. List the prime factors of s.
2, 7
Let s = 6929 - 4117. What are the prime factors of s?
2, 19, 37
What are the prime factors of 10133305/260*4/7?
22271
What are the prime factors of 10*(6/75)/((-12)/(-569895))?
37993
Let w(l) = -2868*l + 40. Let a be w(-1). Let x = a + -1606. List the prime factors of x.
2, 3, 7, 31
Let l(d) = d + 1. Let u(b) = 4*b**2 + 11. Let a(o) = 12*l(o) + 3*u(o). What are the prime factors of a(-6)?
3, 5
Let p(n) be the third de